{"id":5945,"date":"2020-04-24T14:12:11","date_gmt":"2020-04-24T12:12:11","guid":{"rendered":"https:\/\/demo.alfierirooms.com\/?page_id=5945"},"modified":"2020-04-27T14:18:05","modified_gmt":"2020-04-27T12:18:05","slug":"torre-dello-ziro","status":"publish","type":"page","link":"https:\/\/alfieri-immobiliare.com\/es\/escursioni\/torre-dello-ziro\/","title":{"rendered":"Torre dello Ziro"},"content":{"rendered":"<h1 style=\"text-align: center;\"><span style=\"color: #4088ab;\">&#8220;Torre dello Ziro&#8221;<\/span><\/h1>\n<p><center><br \/>\n<img fetchpriority=\"high\" decoding=\"async\" class=\"alignnone wp-image-1179 size-medium\" src=\"https:\/\/alfieri-immobiliare.com\/wp-content\/uploads\/2017\/11\/Torre1-300x200.png\" alt=\"\" width=\"300\" height=\"200\" \/> <img decoding=\"async\" class=\"alignnone wp-image-1180 size-medium\" src=\"https:\/\/alfieri-immobiliare.com\/wp-content\/uploads\/2017\/11\/Torre2-300x200.png\" alt=\"\" width=\"300\" height=\"200\" \/> <img decoding=\"async\" class=\"alignnone wp-image-1181 size-medium\" src=\"https:\/\/alfieri-immobiliare.com\/wp-content\/uploads\/2017\/11\/Torre3-300x200.png\" alt=\"\" width=\"300\" height=\"200\" \/><\/center>&nbsp;<\/p>\n<p>La <strong>excursi\u00f3n<\/strong> hacia la &#8220;<strong>Torre dello Ziro<\/strong>&#8221; es una ruta de senderismo guiada entre <strong>Amalfi<\/strong> y <strong>Atrani<\/strong> y es famoso por ser uno de los puntos panor\u00e1micos m\u00e1s bellos de toda la Costa. Desde la peque\u00f1a plaza de <strong>Pontone<\/strong> (aldea de <strong>Scala<\/strong> a 250 metros) una antigua escalera conduce al promontorio que divide los dos valles de <strong>Amalfi<\/strong> y <strong>Atrani<\/strong>. Una vez alcanzado el alto del monte <strong>Aureo<\/strong> (400 metros) el camino se hace m\u00e1s f\u00e1cil de recorrer y adecuado para todos.<\/p>\n<p>La torre fue construida en 1480 por el duque de <strong>Amalfi<\/strong>, Antonio Piccolomini durante un per\u00edodo de tormentosos ataques por parte de los sarracenos. Fue construido junto con una fortaleza para protegerse y el mirador de piedra redonda tiene una vista espl\u00e9ndida del <strong>Golfo de Salerno<\/strong> y los pueblos cercanos.<\/p>\n<p>Se cuenta que la duquesa de <strong>Amalfi<\/strong>, <strong>Juana de Aragona<\/strong>, fue encerrada en la torre con sus dos hijos y fue asesinada aqu\u00ed por su relaci\u00f3n con el mayordomo Antonio Bologna. Algunos dicen que a\u00fan pueden escucharla llorar mientras caminan por las fascinantes ruinas.<\/p>\n<p>&nbsp;<\/p>\n","protected":false},"excerpt":{"rendered":"<p>&#8220;Torre dello Ziro&#8221; &nbsp; La excursi\u00f3n hacia la &#8220;Torre dello Ziro&#8221; es una ruta de senderismo guiada entre Amalfi y Atrani y es famoso por ser uno de los puntos panor\u00e1micos m\u00e1s bellos de toda [&hellip;]<\/p>\n","protected":false},"author":3,"featured_media":0,"parent":5847,"menu_order":0,"comment_status":"closed","ping_status":"closed","template":"","meta":{"footnotes":""},"class_list":["post-5945","page","type-page","status-publish","hentry"],"yoast_head":"<!-- This site is optimized with the Yoast SEO plugin v27.4 - https:\/\/yoast.com\/product\/yoast-seo-wordpress\/ -->\n<title>Torre dello Ziro - Alfieri Immobiliare - Amalfi - Real estate &amp; Vacation rentals<\/title>\n<meta name=\"robots\" content=\"index, follow, max-snippet:-1, max-image-preview:large, max-video-preview:-1\" \/>\n<link rel=\"canonical\" href=\"https:\/\/alfieri-immobiliare.com\/es\/escursioni\/torre-dello-ziro\/\" \/>\n<meta property=\"og:locale\" content=\"es_ES\" \/>\n<meta property=\"og:type\" content=\"article\" \/>\n<meta property=\"og:title\" content=\"Torre dello Ziro - Alfieri Immobiliare - Amalfi - Real estate &amp; Vacation rentals\" \/>\n<meta property=\"og:description\" content=\"&#8220;Torre dello Ziro&#8221; &nbsp; La excursi\u00f3n hacia la &#8220;Torre dello Ziro&#8221; es una ruta de senderismo guiada entre Amalfi y Atrani y es famoso por ser uno de los puntos panor\u00e1micos m\u00e1s bellos de toda [&hellip;]\" \/>\n<meta property=\"og:url\" content=\"https:\/\/alfieri-immobiliare.com\/es\/escursioni\/torre-dello-ziro\/\" \/>\n<meta property=\"og:site_name\" content=\"Alfieri Immobiliare - Amalfi - Real estate &amp; Vacation rentals\" \/>\n<meta property=\"article:modified_time\" content=\"2020-04-27T12:18:05+00:00\" \/>\n<meta property=\"og:image\" content=\"https:\/\/alfieri-immobiliare.com\/wp-content\/uploads\/2017\/11\/Torre1-300x200.png\" \/>\n<meta name=\"twitter:card\" content=\"summary_large_image\" \/>\n<meta name=\"twitter:label1\" content=\"Tiempo de lectura\" \/>\n\t<meta name=\"twitter:data1\" content=\"1 minuto\" \/>\n<script type=\"application\/ld+json\" class=\"yoast-schema-graph\">{\"@context\":\"https:\\\/\\\/schema.org\",\"@graph\":[{\"@type\":\"WebPage\",\"@id\":\"https:\\\/\\\/alfieri-immobiliare.com\\\/es\\\/escursioni\\\/torre-dello-ziro\\\/\",\"url\":\"https:\\\/\\\/alfieri-immobiliare.com\\\/es\\\/escursioni\\\/torre-dello-ziro\\\/\",\"name\":\"Torre dello Ziro - Alfieri Immobiliare - Amalfi - Real estate & Vacation rentals\",\"isPartOf\":{\"@id\":\"https:\\\/\\\/alfieri-immobiliare.com\\\/es\\\/#website\"},\"primaryImageOfPage\":{\"@id\":\"https:\\\/\\\/alfieri-immobiliare.com\\\/es\\\/escursioni\\\/torre-dello-ziro\\\/#primaryimage\"},\"image\":{\"@id\":\"https:\\\/\\\/alfieri-immobiliare.com\\\/es\\\/escursioni\\\/torre-dello-ziro\\\/#primaryimage\"},\"thumbnailUrl\":\"https:\\\/\\\/alfieri-immobiliare.com\\\/wp-content\\\/uploads\\\/2017\\\/11\\\/Torre1-300x200.png\",\"datePublished\":\"2020-04-24T12:12:11+00:00\",\"dateModified\":\"2020-04-27T12:18:05+00:00\",\"breadcrumb\":{\"@id\":\"https:\\\/\\\/alfieri-immobiliare.com\\\/es\\\/escursioni\\\/torre-dello-ziro\\\/#breadcrumb\"},\"inLanguage\":\"es\",\"potentialAction\":[{\"@type\":\"ReadAction\",\"target\":[\"https:\\\/\\\/alfieri-immobiliare.com\\\/es\\\/escursioni\\\/torre-dello-ziro\\\/\"]}]},{\"@type\":\"ImageObject\",\"inLanguage\":\"es\",\"@id\":\"https:\\\/\\\/alfieri-immobiliare.com\\\/es\\\/escursioni\\\/torre-dello-ziro\\\/#primaryimage\",\"url\":\"https:\\\/\\\/alfieri-immobiliare.com\\\/wp-content\\\/uploads\\\/2017\\\/11\\\/Torre1-300x200.png\",\"contentUrl\":\"https:\\\/\\\/alfieri-immobiliare.com\\\/wp-content\\\/uploads\\\/2017\\\/11\\\/Torre1-300x200.png\"},{\"@type\":\"BreadcrumbList\",\"@id\":\"https:\\\/\\\/alfieri-immobiliare.com\\\/es\\\/escursioni\\\/torre-dello-ziro\\\/#breadcrumb\",\"itemListElement\":[{\"@type\":\"ListItem\",\"position\":1,\"name\":\"Home\",\"item\":\"https:\\\/\\\/alfieri-immobiliare.com\\\/es\\\/nuova-home\\\/\"},{\"@type\":\"ListItem\",\"position\":2,\"name\":\"Excursiones y Recorridos\",\"item\":\"https:\\\/\\\/alfieri-immobiliare.com\\\/es\\\/escursioni\\\/\"},{\"@type\":\"ListItem\",\"position\":3,\"name\":\"Torre dello Ziro\"}]},{\"@type\":\"WebSite\",\"@id\":\"https:\\\/\\\/alfieri-immobiliare.com\\\/es\\\/#website\",\"url\":\"https:\\\/\\\/alfieri-immobiliare.com\\\/es\\\/\",\"name\":\"Alfieri Immobiliare - Amalfi - Real estate & Vacation rentals\",\"description\":\"Real estate & Vacation rentals\",\"publisher\":{\"@id\":\"https:\\\/\\\/alfieri-immobiliare.com\\\/es\\\/#organization\"},\"potentialAction\":[{\"@type\":\"SearchAction\",\"target\":{\"@type\":\"EntryPoint\",\"urlTemplate\":\"https:\\\/\\\/alfieri-immobiliare.com\\\/es\\\/?s={search_term_string}\"},\"query-input\":{\"@type\":\"PropertyValueSpecification\",\"valueRequired\":true,\"valueName\":\"search_term_string\"}}],\"inLanguage\":\"es\"},{\"@type\":\"Organization\",\"@id\":\"https:\\\/\\\/alfieri-immobiliare.com\\\/es\\\/#organization\",\"name\":\"Alfieri Rooms\",\"url\":\"https:\\\/\\\/alfieri-immobiliare.com\\\/es\\\/\",\"logo\":{\"@type\":\"ImageObject\",\"inLanguage\":\"es\",\"@id\":\"https:\\\/\\\/alfieri-immobiliare.com\\\/es\\\/#\\\/schema\\\/logo\\\/image\\\/\",\"url\":\"https:\\\/\\\/alfieri-immobiliare.com\\\/wp-content\\\/uploads\\\/2019\\\/04\\\/alfieri-rooms-logo-white.png\",\"contentUrl\":\"https:\\\/\\\/alfieri-immobiliare.com\\\/wp-content\\\/uploads\\\/2019\\\/04\\\/alfieri-rooms-logo-white.png\",\"width\":128,\"height\":30,\"caption\":\"Alfieri Rooms\"},\"image\":{\"@id\":\"https:\\\/\\\/alfieri-immobiliare.com\\\/es\\\/#\\\/schema\\\/logo\\\/image\\\/\"}}]}<\/script>\n<!-- \/ Yoast SEO plugin. -->","yoast_head_json":{"title":"Torre dello Ziro - Alfieri Immobiliare - Amalfi - Real estate & Vacation rentals","robots":{"index":"index","follow":"follow","max-snippet":"max-snippet:-1","max-image-preview":"max-image-preview:large","max-video-preview":"max-video-preview:-1"},"canonical":"https:\/\/alfieri-immobiliare.com\/es\/escursioni\/torre-dello-ziro\/","og_locale":"es_ES","og_type":"article","og_title":"Torre dello Ziro - Alfieri Immobiliare - Amalfi - Real estate & Vacation rentals","og_description":"&#8220;Torre dello Ziro&#8221; &nbsp; La excursi\u00f3n hacia la &#8220;Torre dello Ziro&#8221; es una ruta de senderismo guiada entre Amalfi y Atrani y es famoso por ser uno de los puntos panor\u00e1micos m\u00e1s bellos de toda [&hellip;]","og_url":"https:\/\/alfieri-immobiliare.com\/es\/escursioni\/torre-dello-ziro\/","og_site_name":"Alfieri Immobiliare - Amalfi - Real estate & Vacation rentals","article_modified_time":"2020-04-27T12:18:05+00:00","og_image":[{"url":"https:\/\/alfieri-immobiliare.com\/wp-content\/uploads\/2017\/11\/Torre1-300x200.png","type":"","width":"","height":""}],"twitter_card":"summary_large_image","twitter_misc":{"Tiempo de lectura":"1 minuto"},"schema":{"@context":"https:\/\/schema.org","@graph":[{"@type":"WebPage","@id":"https:\/\/alfieri-immobiliare.com\/es\/escursioni\/torre-dello-ziro\/","url":"https:\/\/alfieri-immobiliare.com\/es\/escursioni\/torre-dello-ziro\/","name":"Torre dello Ziro - Alfieri Immobiliare - Amalfi - Real estate & Vacation rentals","isPartOf":{"@id":"https:\/\/alfieri-immobiliare.com\/es\/#website"},"primaryImageOfPage":{"@id":"https:\/\/alfieri-immobiliare.com\/es\/escursioni\/torre-dello-ziro\/#primaryimage"},"image":{"@id":"https:\/\/alfieri-immobiliare.com\/es\/escursioni\/torre-dello-ziro\/#primaryimage"},"thumbnailUrl":"https:\/\/alfieri-immobiliare.com\/wp-content\/uploads\/2017\/11\/Torre1-300x200.png","datePublished":"2020-04-24T12:12:11+00:00","dateModified":"2020-04-27T12:18:05+00:00","breadcrumb":{"@id":"https:\/\/alfieri-immobiliare.com\/es\/escursioni\/torre-dello-ziro\/#breadcrumb"},"inLanguage":"es","potentialAction":[{"@type":"ReadAction","target":["https:\/\/alfieri-immobiliare.com\/es\/escursioni\/torre-dello-ziro\/"]}]},{"@type":"ImageObject","inLanguage":"es","@id":"https:\/\/alfieri-immobiliare.com\/es\/escursioni\/torre-dello-ziro\/#primaryimage","url":"https:\/\/alfieri-immobiliare.com\/wp-content\/uploads\/2017\/11\/Torre1-300x200.png","contentUrl":"https:\/\/alfieri-immobiliare.com\/wp-content\/uploads\/2017\/11\/Torre1-300x200.png"},{"@type":"BreadcrumbList","@id":"https:\/\/alfieri-immobiliare.com\/es\/escursioni\/torre-dello-ziro\/#breadcrumb","itemListElement":[{"@type":"ListItem","position":1,"name":"Home","item":"https:\/\/alfieri-immobiliare.com\/es\/nuova-home\/"},{"@type":"ListItem","position":2,"name":"Excursiones y Recorridos","item":"https:\/\/alfieri-immobiliare.com\/es\/escursioni\/"},{"@type":"ListItem","position":3,"name":"Torre dello Ziro"}]},{"@type":"WebSite","@id":"https:\/\/alfieri-immobiliare.com\/es\/#website","url":"https:\/\/alfieri-immobiliare.com\/es\/","name":"Alfieri Immobiliare - Amalfi - Real estate & Vacation rentals","description":"Real estate & Vacation rentals","publisher":{"@id":"https:\/\/alfieri-immobiliare.com\/es\/#organization"},"potentialAction":[{"@type":"SearchAction","target":{"@type":"EntryPoint","urlTemplate":"https:\/\/alfieri-immobiliare.com\/es\/?s={search_term_string}"},"query-input":{"@type":"PropertyValueSpecification","valueRequired":true,"valueName":"search_term_string"}}],"inLanguage":"es"},{"@type":"Organization","@id":"https:\/\/alfieri-immobiliare.com\/es\/#organization","name":"Alfieri Rooms","url":"https:\/\/alfieri-immobiliare.com\/es\/","logo":{"@type":"ImageObject","inLanguage":"es","@id":"https:\/\/alfieri-immobiliare.com\/es\/#\/schema\/logo\/image\/","url":"https:\/\/alfieri-immobiliare.com\/wp-content\/uploads\/2019\/04\/alfieri-rooms-logo-white.png","contentUrl":"https:\/\/alfieri-immobiliare.com\/wp-content\/uploads\/2019\/04\/alfieri-rooms-logo-white.png","width":128,"height":30,"caption":"Alfieri Rooms"},"image":{"@id":"https:\/\/alfieri-immobiliare.com\/es\/#\/schema\/logo\/image\/"}}]}},"_links":{"self":[{"href":"https:\/\/alfieri-immobiliare.com\/es\/wp-json\/wp\/v2\/pages\/5945","targetHints":{"allow":["GET"]}}],"collection":[{"href":"https:\/\/alfieri-immobiliare.com\/es\/wp-json\/wp\/v2\/pages"}],"about":[{"href":"https:\/\/alfieri-immobiliare.com\/es\/wp-json\/wp\/v2\/types\/page"}],"author":[{"embeddable":true,"href":"https:\/\/alfieri-immobiliare.com\/es\/wp-json\/wp\/v2\/users\/3"}],"replies":[{"embeddable":true,"href":"https:\/\/alfieri-immobiliare.com\/es\/wp-json\/wp\/v2\/comments?post=5945"}],"version-history":[{"count":0,"href":"https:\/\/alfieri-immobiliare.com\/es\/wp-json\/wp\/v2\/pages\/5945\/revisions"}],"up":[{"embeddable":true,"href":"https:\/\/alfieri-immobiliare.com\/es\/wp-json\/wp\/v2\/pages\/5847"}],"wp:attachment":[{"href":"https:\/\/alfieri-immobiliare.com\/es\/wp-json\/wp\/v2\/media?parent=5945"}],"curies":[{"name":"wp","href":"https:\/\/api.w.org\/{rel}","templated":true}]}}

<h1 style="text-align: center;"><span style="color: #4088ab;">&#8220;Torre dello Ziro&#8221;</span></h1>
<p><center><br />
<img fetchpriority="high" decoding="async" class="alignnone wp-image-1179 size-medium" src="https://alfieri-immobiliare.com/wp-content/uploads/2017/11/Torre1-300x200.png" alt="" width="300" height="200" /> <img decoding="async" class="alignnone wp-image-1180 size-medium" src="https://alfieri-immobiliare.com/wp-content/uploads/2017/11/Torre2-300x200.png" alt="" width="300" height="200" /> <img decoding="async" class="alignnone wp-image-1181 size-medium" src="https://alfieri-immobiliare.com/wp-content/uploads/2017/11/Torre3-300x200.png" alt="" width="300" height="200" /></center>&nbsp;</p>
<p>La <strong>excursión</strong> hacia la &#8220;<strong>Torre dello Ziro</strong>&#8221; es una ruta de senderismo guiada entre <strong>Amalfi</strong> y <strong>Atrani</strong> y es famoso por ser uno de los puntos panorámicos más bellos de toda la Costa. Desde la pequeña plaza de <strong>Pontone</strong> (aldea de <strong>Scala</strong> a 250 metros) una antigua escalera conduce al promontorio que divide los dos valles de <strong>Amalfi</strong> y <strong>Atrani</strong>. Una vez alcanzado el alto del monte <strong>Aureo</strong> (400 metros) el camino se hace más fácil de recorrer y adecuado para todos.</p>
<p>La torre fue construida en 1480 por el duque de <strong>Amalfi</strong>, Antonio Piccolomini durante un período de tormentosos ataques por parte de los sarracenos. Fue construido junto con una fortaleza para protegerse y el mirador de piedra redonda tiene una vista espléndida del <strong>Golfo de Salerno</strong> y los pueblos cercanos.</p>
<p>Se cuenta que la duquesa de <strong>Amalfi</strong>, <strong>Juana de Aragona</strong>, fue encerrada en la torre con sus dos hijos y fue asesinada aquí por su relación con el mayordomo Antonio Bologna. Algunos dicen que aún pueden escucharla llorar mientras caminan por las fascinantes ruinas.</p>
<p>&nbsp;</p>

<p>&#8220;Torre dello Ziro&#8221; &nbsp; La excursión hacia la &#8220;Torre dello Ziro&#8221; es una ruta de senderismo guiada entre Amalfi y Atrani y es famoso por ser uno de los puntos panorámicos más bellos de toda [&hellip;]</p>

<!-- This site is optimized with the Yoast SEO plugin v27.4 - https://yoast.com/product/yoast-seo-wordpress/ -->
<title>Torre dello Ziro - Alfieri Immobiliare - Amalfi - Real estate &amp; Vacation rentals</title>
<meta name="robots" content="index, follow, max-snippet:-1, max-image-preview:large, max-video-preview:-1" />
<link rel="canonical" href="https://alfieri-immobiliare.com/es/escursioni/torre-dello-ziro/" />
<meta property="og:locale" content="es_ES" />
<meta property="og:type" content="article" />
<meta property="og:title" content="Torre dello Ziro - Alfieri Immobiliare - Amalfi - Real estate &amp; Vacation rentals" />
<meta property="og:description" content="&#8220;Torre dello Ziro&#8221; &nbsp; La excursión hacia la &#8220;Torre dello Ziro&#8221; es una ruta de senderismo guiada entre Amalfi y Atrani y es famoso por ser uno de los puntos panorámicos más bellos de toda [&hellip;]" />
<meta property="og:url" content="https://alfieri-immobiliare.com/es/escursioni/torre-dello-ziro/" />
<meta property="og:site_name" content="Alfieri Immobiliare - Amalfi - Real estate &amp; Vacation rentals" />
<meta property="article:modified_time" content="2020-04-27T12:18:05+00:00" />
<meta property="og:image" content="https://alfieri-immobiliare.com/wp-content/uploads/2017/11/Torre1-300x200.png" />
<meta name="twitter:card" content="summary_large_image" />
<meta name="twitter:label1" content="Tiempo de lectura" />
	<meta name="twitter:data1" content="1 minuto" />
<script type="application/ld+json" class="yoast-schema-graph">{"@context":"https:\/\/schema.org","@graph":[{"@type":"WebPage","@id":"https:\/\/alfieri-immobiliare.com\/es\/escursioni\/torre-dello-ziro\/","url":"https:\/\/alfieri-immobiliare.com\/es\/escursioni\/torre-dello-ziro\/","name":"Torre dello Ziro - Alfieri Immobiliare - Amalfi - Real estate & Vacation rentals","isPartOf":{"@id":"https:\/\/alfieri-immobiliare.com\/es\/#website"},"primaryImageOfPage":{"@id":"https:\/\/alfieri-immobiliare.com\/es\/escursioni\/torre-dello-ziro\/#primaryimage"},"image":{"@id":"https:\/\/alfieri-immobiliare.com\/es\/escursioni\/torre-dello-ziro\/#primaryimage"},"thumbnailUrl":"https:\/\/alfieri-immobiliare.com\/wp-content\/uploads\/2017\/11\/Torre1-300x200.png","datePublished":"2020-04-24T12:12:11+00:00","dateModified":"2020-04-27T12:18:05+00:00","breadcrumb":{"@id":"https:\/\/alfieri-immobiliare.com\/es\/escursioni\/torre-dello-ziro\/#breadcrumb"},"inLanguage":"es","potentialAction":[{"@type":"ReadAction","target":["https:\/\/alfieri-immobiliare.com\/es\/escursioni\/torre-dello-ziro\/"]}]},{"@type":"ImageObject","inLanguage":"es","@id":"https:\/\/alfieri-immobiliare.com\/es\/escursioni\/torre-dello-ziro\/#primaryimage","url":"https:\/\/alfieri-immobiliare.com\/wp-content\/uploads\/2017\/11\/Torre1-300x200.png","contentUrl":"https:\/\/alfieri-immobiliare.com\/wp-content\/uploads\/2017\/11\/Torre1-300x200.png"},{"@type":"BreadcrumbList","@id":"https:\/\/alfieri-immobiliare.com\/es\/escursioni\/torre-dello-ziro\/#breadcrumb","itemListElement":[{"@type":"ListItem","position":1,"name":"Home","item":"https:\/\/alfieri-immobiliare.com\/es\/nuova-home\/"},{"@type":"ListItem","position":2,"name":"Excursiones y Recorridos","item":"https:\/\/alfieri-immobiliare.com\/es\/escursioni\/"},{"@type":"ListItem","position":3,"name":"Torre dello Ziro"}]},{"@type":"WebSite","@id":"https:\/\/alfieri-immobiliare.com\/es\/#website","url":"https:\/\/alfieri-immobiliare.com\/es\/","name":"Alfieri Immobiliare - Amalfi - Real estate & Vacation rentals","description":"Real estate & Vacation rentals","publisher":{"@id":"https:\/\/alfieri-immobiliare.com\/es\/#organization"},"potentialAction":[{"@type":"SearchAction","target":{"@type":"EntryPoint","urlTemplate":"https:\/\/alfieri-immobiliare.com\/es\/?s={search_term_string}"},"query-input":{"@type":"PropertyValueSpecification","valueRequired":true,"valueName":"search_term_string"}}],"inLanguage":"es"},{"@type":"Organization","@id":"https:\/\/alfieri-immobiliare.com\/es\/#organization","name":"Alfieri Rooms","url":"https:\/\/alfieri-immobiliare.com\/es\/","logo":{"@type":"ImageObject","inLanguage":"es","@id":"https:\/\/alfieri-immobiliare.com\/es\/#\/schema\/logo\/image\/","url":"https:\/\/alfieri-immobiliare.com\/wp-content\/uploads\/2019\/04\/alfieri-rooms-logo-white.png","contentUrl":"https:\/\/alfieri-immobiliare.com\/wp-content\/uploads\/2019\/04\/alfieri-rooms-logo-white.png","width":128,"height":30,"caption":"Alfieri Rooms"},"image":{"@id":"https:\/\/alfieri-immobiliare.com\/es\/#\/schema\/logo\/image\/"}}]}</script>
<!-- / Yoast SEO plugin. -->

&#8220;Torre dello Ziro&#8221; &nbsp; La excursión hacia la &#8220;Torre dello Ziro&#8221; es una ruta de senderismo guiada entre Amalfi y Atrani y es famoso por ser uno de los puntos panorámicos más bellos de toda [&hellip;]
